.
2, 3, 17, 61
What are the prime factors of 5003367?
3, 1667789
List the prime factors of 193047.
3, 229, 281
List the prime factors of 628297.
37, 16981
What are the prime factors of 18935610?
2, 3, 5, 631187
List the prime factors of 193118.
2, 223, 433
What are the prime factors of 26840?
2, 5, 11, 61
What are the prime factors of 685202?
2, 7, 17, 2879
List the prime factors of 24234.
2, 3, 7, 577
What are the prime factors of 103727?
13, 79, 101
List the prime factors of 179235.
3, 5, 7, 569
List the prime factors of 3236469.
3, 347, 3109
List the prime factors of 3557967.
3, 7, 169427
What are the prime factors of 243272?
2, 47, 647
List the prime factors of 36154143.
3, 37, 108571
List the prime factors of 205829.
13, 71, 223
List the prime factors of 23137.
17, 1361
List the prime factors of 4722938.
2, 11, 137, 1567
What are the prime factors of 5895294?
2, 3, 17, 29, 1993
What are the prime factors of 3696037?
31, 119227
List the prime factors of 400517.
13, 30809
List the prime factors of 193666.
2, 11, 8803
What are the prime factors of 6087233?
6087233
List the prime factors of 4520525.
5, 73, 2477
List the prime factors of 156627.
3, 5801
List the prime factors of 1094846.
2, 23, 23801
What are the prime factors of 243469?
243469
List the prime factors of 17545532.
2, 4386383
List the prime factors of 2462416.
2, 11, 17, 823
List the prime factors of 229157.
229157
List the prime factors of 91015.
5, 109, 167
What are the prime factors of 1758243?
3, 157, 3733
List the prime factors of 6553103.
1049, 6247
What are the prime factors of 298053?
3, 7, 19, 83
List the prime factors of 293608.
2, 7, 107
What are the prime factors of 1079946?
2, 3, 7, 2857
What are the prime factors of 636232?
2, 67, 1187
List the prime factors of 9117861.
3, 29, 104803
What are the prime factors of 25039?
7, 73
List the prime factors of 181903.
181903
List the prime factors of 33562.
2, 97, 173
List the prime factors of 9784795.
5, 337, 5807
What are the prime factors of 391693?
391693
What are the prime factors of 386543?
386543
List the prime factors of 689800.
2, 5, 3449
List the prime factors of 184846.
2, 29, 3187
What are the prime factors of 439703?
11, 71, 563
List the prime factors of 29509201.
29509201
List the prime factors of 5292463.
11, 481133
List the prime factors of 23918765.
5, 13, 29, 12689
List the prime factors of 15081491.
23, 655717
List the prime factors of 8383889.
89, 94201
List the prime factors of 4145641.
4145641
List the prime factors of 2121267.
3, 23, 71, 433
List the prime factors of 3741699.
3, 13, 37, 2593
What are the prime factors of 858829?
601, 1429
What are the prime factors of 177168?
2, 3, 3691
What are the prime factors of 441297?
3, 49033
List the prime factors of 6880086.
2, 3, 43, 2963
What are the prime factors of 524897?
101, 5197
List the prime factors of 79476.
2, 3, 37, 179
What are the prime factors of 369479?
11, 33589
What are the prime factors of 316045?
5, 31, 2039
List the prime factors of 5014.
2, 23, 109
List the prime factors of 6707712.
2, 3, 11, 397
List the prime factors of 233130.
2, 3, 5, 19, 409
List the prime factors of 597110.
2, 5, 29, 71
List the prime factors of 39512.
2, 11, 449
What are the prime factors of 30926039?
521, 59359
What are the prime factors of 541706?
2, 11, 24623
What are the prime factors of 3609955?
5, 721991
What are the prime factors of 1614517?
29, 55673
What are the prime factors of 4544182?
2, 113, 20107
What are the prime factors of 16843453?
11, 53, 167, 173
List the prime factors of 909004.
2, 227251
What are the prime factors of 132231?
3, 11, 4007
What are the prime factors of 6022773?
3, 31, 21587
What are the prime factors of 24038477?
19, 29, 43627
List the prime factors of 946582.
2, 7, 13, 743
What are the prime factors of 137151?
3, 7, 311
What are the prime factors of 106260?
2, 3, 5, 7, 11, 23
List the prime factors of 1836193.
29, 63317
What are the prime factors of 517739?
517739
What are the prime factors of 19577832?
2, 3, 281, 2903
What are the prime factors of 9388744?
2, 1173593
What are the prime factors of 4682543?
29, 61, 2647
What are the prime factors of 1085?
5, 7, 31
What are the prime factors of 1181718?
2, 3, 65651
List the prime factors of 614143.
614143
List the prime factors of 2635679.
797, 3307
What are the prime factors of 264023?
83, 3181
What are the prime factors of 108612?
2, 3, 7, 431
List the prime factors of 278181.
3, 10303
List the prime factors of 223220.
2, 5, 11161
What are the prime factors of 12573238?
2, 6286619
List the prime factors of 2086748.
2, 233, 2239
List the prime factors of 2571735.
3, 5, 171449
What are the prime factors of 2959554?
2, 3, 13, 19, 1997
What are the prime factors of 2652945?
3, 5, 149, 1187
List the prime factors of 373307.
11, 33937
What are the prime factors of 8662311?
3, 7, 359, 383
What are the prime factors of 5149477?
41, 125597
List the prime factors of 294883.
23, 12821
List the prime factors of 8593844.
2, 7, 53, 5791
List the prime factors of 233586.
2, 3, 19, 683
List the prime factors of 148921.
148921
List the prime factors of 4611618.
2, 3, 11, 23291
What are the prime factors of 671988?
2, 3, 29, 1931
What are the prime factors of 12217360?
2, 5, 152717
What are the prime factors of 11777904?
2, 3, 89, 919
What are the prime factors of 10320902?
2, 53, 97367
List the prime factors of 1760080.
2, 5, 7, 449
What are the prime factors of 1004393?
13, 77261
What are the prime factors of 554261?
131, 4231
List the prime factors of 3907507.
67, 58321
What are the prime factors of 71703?
3, 31, 257
List the prime factors of 136440.
2, 3, 5, 379
List the prime factors of 5031620.
2, 5, 11, 22871
What are the prime factors of 268535?
5, 43, 1249
List the prime factors of 5776855.
5, 7, 17, 19, 73
What are the prime factors of 40493?
40493
List the prime factors of 580050.
2, 3, 5, 1289
What are the prime factors of 59881?
233, 257
List the prime factors of 523836.
2, 3, 14551
What are the prime factors of 216257?
17, 12721
What are the prime factors of 11289796?
2, 7, 57601
What are the prime factors of 1020389?
1020389
What are the prime factors of 1188851?
1188851
What are the prime factors of 409139?
17, 41, 587
List the prime factors of 1025644.
2, 17, 15083
List the prime factors of 1855007.
7, 11, 24091
List the prime factors of 201596.
2, 101, 499
What are the prime factors of 36837107?
61, 373, 1619
What are the prime factors of 156978?
2, 3, 17, 19
List the prime factors of 151551.
3, 1871
What are the prime factors of 1485909?
3, 107, 1543
List the prime factors of 1183008.
2, 3, 12323
What are the prime factors of 171219?
3, 57073
List the prime factors of 584968.
2, 73121
List the prime factors of 6134068.
2, 1533517
What are the prime factors of 1836607?
73, 139, 181
List the prime factors of 907400.
2, 5, 13, 349
What are the prime factors of 125627?
125627
What are the prime factors of 337923?
3, 37547
What are the prime factors of 470340?
2, 3, 5, 13, 67
What are the prime factors of 5466056?
2, 683257
What are the prime factors of 25276786?
2, 167, 75679
What are the prime factors of 4070327?
17, 239431
What are the prime factors of 155489?
61, 2549
List the prime factors of 26024.
2, 3253
List the prime factors of 217197.
3, 24133
What are the prime factors of 2729118?
2, 3, 7, 181, 359
What are the prime factors of 6289790?
2, 5, 13, 48383
What are the prime factors of 13533988?
2, 13, 260269
List the prime factors of 625510.
2, 5, 71, 881
List the prime factors of 2664187.
2664187
What are the prime factors of 105793?
67, 1579
List the prime factors of 725692.
2, 11, 16493
What are the prime factors of 30128158?
2, 29, 67, 7753
What are the prime factors of 7246019?
11, 149, 4421
List the prime factors of 338913.
3, 37657
What are the prime factors of 3897372?
2, 3, 324781
What are the prime factors of 1164377?
19, 61283
What are the prime factors of 1153311?
3, 384437
List the prime factors of 13525369.
11, 13, 94583
List the prime factors of 871427.
47, 18541
What are the prime factors of 436595?
5, 29, 3011
List the prime factors of 9902467.
53, 257, 727
What are the prime factors of 1572565?
5, 314513
List the prime factors of 326107.
83, 3929
Li